reatest common divisor of 6370 and 927990.
70
Calculate the highest common divisor of 345800 and 5244.
76
Calculate the greatest common divisor of 310 and 93935.
5
Calculate the highest common divisor of 656 and 1522986.
82
What is the highest common divisor of 41000 and 39500?
500
What is the greatest common factor of 16055485 and 412675?
4855
What is the highest common divisor of 2560 and 151400?
40
What is the highest common divisor of 795187 and 6?
1
Calculate the greatest common divisor of 15129128 and 56.
56
Calculate the greatest common factor of 10985 and 820495.
845
What is the highest common divisor of 8480 and 51143410?
530
Calculate the greatest common divisor of 271658772 and 22176.
2772
What is the highest common divisor of 566553 and 25671?
597
Calculate the greatest common factor of 210352749 and 35565.
7113
What is the highest common divisor of 13935 and 165?
15
What is the greatest common factor of 31874 and 2026?
2
Calculate the greatest common factor of 1700 and 3961340.
340
Calculate the highest common divisor of 385 and 29975990.
55
What is the greatest common factor of 10833199 and 1768?
221
What is the highest common factor of 8 and 11088980?
4
Calculate the greatest common factor of 6281150 and 90115.
1345
What is the greatest common divisor of 721188 and 13266?
1206
What is the greatest common divisor of 3448 and 241053128?
3448
What is the highest common factor of 510873220 and 11440?
2860
What is the highest common divisor of 12 and 2596580?
4
What is the greatest common factor of 419823 and 315360?
1971
What is the greatest common factor of 71504 and 78351?
41
Calculate the highest common divisor of 189678691 and 26543.
2413
Calculate the greatest common factor of 77465741 and 237.
79
What is the highest common divisor of 2700 and 8060175?
675
What is the highest common divisor of 29842106 and 14042?
238
Calculate the highest common divisor of 52 and 4497714.
26
Calculate the greatest common divisor of 34384 and 934192.
112
What is the greatest common factor of 230130732 and 138?
138
What is the greatest common factor of 3862528 and 7636?
92
What is the greatest common factor of 190 and 6659766?
38
What is the highest common factor of 594 and 689952?
6
What is the greatest common factor of 128578401 and 945?
189
Calculate the greatest common divisor of 296056560 and 576.
48
Calculate the highest common divisor of 1472698 and 188.
94
What is the highest common divisor of 2930706 and 1863?
207
Calculate the highest common factor of 72 and 812964.
12
What is the greatest common factor of 164666273 and 1826?
83
Calculate the greatest common divisor of 16879866 and 12.
6
Calculate the highest common divisor of 31820264 and 224.
56
Calculate the highest common factor of 56 and 722519.
7
Calculate the greatest common factor of 118302117 and 1791.
597
Calculate the greatest common factor of 1956886 and 72542.
874
Calculate the highest common divisor of 6 and 4739574.
6
Calculate the greatest common factor of 794039204 and 1806.
602
Calculate the greatest common divisor of 6136380 and 3420.
180
Calculate the greatest common factor of 1621 and 79868291.
1621
What is the greatest common divisor of 647515900 and 100?
100
Calculate the highest common factor of 20324984 and 5776.
152
What is the greatest common divisor of 1465285 and 3492155?
6455
Calculate the highest common factor of 7626300 and 4780.
20
What is the greatest common factor of 3411360 and 84872?
824
Calculate the greatest common divisor of 55 and 77449735.
55
Calculate the highest common factor of 4072840 and 570.
190
What is the highest common divisor of 322816 and 47320?
104
Calculate the greatest common factor of 129 and 146974.
43
Calculate the highest common factor of 6170995 and 21565.
1135
Calculate the greatest common factor of 3 and 9245861.
1
Calculate the greatest common factor of 1166 and 252121.
53
Calculate the highest common factor of 902 and 514023642.
902
Calculate the highest common divisor of 780999 and 12224.
191
Calculate the highest common divisor of 14226381 and 819.
117
Calculate the highest common factor of 2927472 and 80656.
1136
Calculate the highest common divisor of 3430 and 30470405.
1715
Calculate the greatest common divisor of 484 and 1522096.
4
Calculate the highest common divisor of 62 and 33289226.
62
What is the highest common factor of 3729 and 138651?
339
Calculate the greatest common divisor of 7668644 and 174.
58
Calculate the greatest common divisor of 26796 and 42986790.
462
Calculate the highest common divisor of 714 and 782809965.
357
What is the greatest common factor of 291607668 and 4356?
396
Calculate the greatest common factor of 2854833486 and 893.
893
What is the greatest common divisor of 2197 and 23215699?
2197
What is the greatest common factor of 329 and 3942031?
47
Calculate the highest common divisor of 472488478 and 66.
22
Calculate the highest common divisor of 72 and 64535776.
8
What is the greatest common divisor of 6867 and 3703275?
981
What is the highest common divisor of 240 and 6733245?
15
What is the highest common factor of 189 and 442447173?
63
What is the greatest common factor of 18254 and 969460813?
9127
Calculate the highest common divisor of 208 and 4390132.
4
Calculate the highest common divisor of 105944 and 4883.
19
Calculate the highest common divisor of 878710 and 42.
14
What is the greatest common factor of 1960 and 1487080?
280
Calculate the greatest common factor of 380 and 13344270.
190
What is the highest common factor of 2113275 and 2185?
95
Calculate the highest common divisor of 5467 and 18104219.
497
What is the highest common factor of 1050 and 8416002?
42
What is the greatest common divisor of 221 and 5164991?
221
Calculate the greatest common divisor of 739263 and 18095.
329
Calculate the greatest common factor of 1788748 and 236324.
164
Calculate the greatest common divisor of 138359 and 871.
13
What is the highest common factor of 1732028 and 544?
68
What is the greatest common divisor of 3767643 and 32395?
209
What is the highest common factor of 722 and 838280?
38
Calculate the greatest common factor of 29 and 618307608.
29
Calculate the greatest common factor of 1716 and 230604.
132
Calculate the highest common divisor of 385 and 3173975.
35
Calculate the highest common factor of 530 and 41722766.
106
What is the greatest common factor of 3643451 and 1079?
83
What is the greatest common factor of 933 and 185481333?
933
What is the highest common factor of 63 and 22425158?
7
Calculate the greatest common divisor of 141086 and 1113.
53
What is the greatest common divisor of 28438431 and 1470?
21
What is the greatest common divisor of 1423964 and 56150?
2246
What is the highest common divisor of 56 and 6749248?
8
Calculate the greatest common divisor of 69 and 2047391.
23
What is the greatest common divisor of 61 and 76843042?
61
What is the highest common factor of 39 and 15007408?
13
Calculate the highest common factor of 351810 and 6588.
54
Calculate the greatest common divisor of 326 and 159533642.
326
Calculate the highest common factor of 441584803 and 3916.
979
What is the greatest common factor of 573 and 336733?
191
What is the highest common factor of 289188 and 1004?
4
Calculate the greatest common factor of 1000971 and 1605798.
3537
Calculate the greatest common factor of 20320 and 16590.
10
Calculate the highest common divisor of 5414108 and 46.
46
What is the greatest common divisor of 154134730 and 5290?
5290
Calculate the highest common factor of 42 and 119012061.
21
Calculate the greatest common factor of 162804491 and 568.
71
What is the highest common divisor of 272586875 and 93?
31
What is the highest common factor of 1768 and 35938?
34
What is the greatest common factor of 210984 and 4815816?
1416
Calculate the highest common factor of 593536 and 141440.
128
What is the greatest common divisor of 2071176 and 1146?
6
What is the greatest common divisor of 170457 and 16009?
7
Calculate the highest common divisor of 296 and 23352143.
37
Calculate the greatest common factor of 29 and 58785929.
29
What is the highest common factor of 33780 and 9070?
10
Calculate the highest common divisor of 452813 and 59.
1
Calculate the greatest common divisor of 3